{"id":9533,"date":"2017-05-18T14:48:44","date_gmt":"2017-05-18T17:48:44","guid":{"rendered":"http:\/\/w3.sime.org.br\/sis\/?page_id=9533"},"modified":"2025-02-18T17:27:20","modified_gmt":"2025-02-18T20:27:20","slug":"legislacao","status":"publish","type":"page","link":"https:\/\/www.sime.org.br\/sis\/legislacao\/","title":{"rendered":"Legisla\u00e7\u00e3o"},"content":{"rendered":"<div class=\"wpb-content-wrapper\"><p>[vc_row][vc_column width=&#8221;1\/2&#8243;][vc_single_image image=&#8221;12767&#8243; img_size=&#8221;full&#8221; css=&#8221;&#8221;][\/vc_column][vc_column width=&#8221;1\/2&#8243;][vc_column_text]Orientamos nossos associados sobre legisla\u00e7\u00f5es, decretos e quest\u00f5es jur\u00eddicas pertinentes ao setor. Aqui poder\u00e3o consultar legisla\u00e7\u00e3o relacionada com:<\/p>\n<p><!--more--><\/p>\n<ul>\n<li><a href=\"http:\/\/www.sime.org.br\/sis\/ media\/Microsoft%20Word%20-%20LEI%20N%C2%BA%208.078,%20DE%2011%20DE%20SETEMBRO%20DE%201990.pdf\"><span style=\"font-size: small;\">C\u00f3digo de defesa do Consumidor<\/span><\/a><\/li>\n<li><a href=\"http:\/\/www.sime.org.br\/sis\/wp-content\/uploads\/2018\/01\/DEL5452.pdf\"><span style=\"font-size: small;\">CLT<\/span><\/a><\/li>\n<li><a href=\"http:\/\/w3.sime.org.br\/sis\/wp-content\/uploads\/2017\/06\/C\u00f3digo-Civil-2-ed.pdf\">C\u00f3digo Civil<\/a><\/li>\n<li><a href=\"http:\/\/w3.sime.org.br\/sis\/wp-content\/uploads\/2017\/06\/L10741.pdf\">Estatuto do idoso \u2013 Lei 10.740<\/a><\/li>\n<li><a href=\"http:\/\/w3.sime.org.br\/sis\/wp-content\/uploads\/2017\/06\/AcordoSetorLamp.pdf\">Acordo Setorial de L\u00e2mpadas Fluorescentes de Vapor de S\u00f3dio e Merc\u00fario e de Luz Mista<\/a><\/li>\n<li><a href=\"http:\/\/w3.sime.org.br\/sis\/wp-content\/uploads\/2017\/06\/AcordoSetorEmbalagens.pdf\">Acordo Setorial de Embalagens em Geral<\/a><\/li>\n<li><a href=\"http:\/\/w3.sime.org.br\/sis\/wp-content\/uploads\/2017\/06\/L12305.pdf\">Lei de res\u00edduos s\u00f3lidos &#8211; Lei 12.350\/2010<\/a><\/li>\n<li>Marco Civil da Internet &#8211; Lei 12.965\/2014<\/li>\n<li><a href=\"http:\/\/www.sime.org.br\/sis\/wp-content\/uploads\/2018\/06\/PORTARIA-N\u00b0349-24-5-2018.pdf\">Portaria N\u00ba 349, de 23 de maio de 2018<\/a><\/li>\n<li><a href=\"http:\/\/www.sime.org.br\/sis\/wp-content\/uploads\/2018\/06\/Res.-CGSN-N\u00ba-138-2018.pdf\">Resolu\u00e7\u00e3o CGSN N\u00ba 138, de 19 de abril de 2018<\/a><\/li>\n<li><a href=\"http:\/\/www.sime.org.br\/sis\/wp-content\/uploads\/2018\/06\/Res.-CGSN-N\u00ba-139-2018.pdf\">Resolu\u00e7\u00e3o CGSN N\u00ba 139, de 19 de abril de 2018<\/a><\/li>\n<\/ul>\n<p>[\/vc_column_text][\/vc_column][\/vc_row]<\/p>\n<\/div>","protected":false},"excerpt":{"rendered":"<p>[vc_row][vc_column width=&#8221;1\/2&#8243;][vc_single_image image=&#8221;12767&#8243; img_size=&#8221;full&#8221; css=&#8221;&#8221;][\/vc_column][vc_column width=&#8221;1\/2&#8243;][vc_column_text]Orientamos nossos associados sobre legisla\u00e7\u00f5es, decretos e quest\u00f5es jur\u00eddicas pertinentes ao setor. Aqui poder\u00e3o consultar legisla\u00e7\u00e3o relacionada com:<\/p>\n","protected":false},"author":1,"featured_media":12767,"parent":0,"menu_order":0,"comment_status":"closed","ping_status":"closed","template":"","meta":{"footnotes":""},"class_list":["post-9533","page","type-page","status-publish","has-post-thumbnail","hentry"],"_links":{"self":[{"href":"https:\/\/www.sime.org.br\/sis\/wp-json\/wp\/v2\/pages\/9533","targetHints":{"allow":["GET"]}}],"collection":[{"href":"https:\/\/www.sime.org.br\/sis\/wp-json\/wp\/v2\/pages"}],"about":[{"href":"https:\/\/www.sime.org.br\/sis\/wp-json\/wp\/v2\/types\/page"}],"author":[{"embeddable":true,"href":"https:\/\/www.sime.org.br\/sis\/wp-json\/wp\/v2\/users\/1"}],"replies":[{"embeddable":true,"href":"https:\/\/www.sime.org.br\/sis\/wp-json\/wp\/v2\/comments?post=9533"}],"version-history":[{"count":14,"href":"https:\/\/www.sime.org.br\/sis\/wp-json\/wp\/v2\/pages\/9533\/revisions"}],"predecessor-version":[{"id":12768,"href":"https:\/\/www.sime.org.br\/sis\/wp-json\/wp\/v2\/pages\/9533\/revisions\/12768"}],"wp:featuredmedia":[{"embeddable":true,"href":"https:\/\/www.sime.org.br\/sis\/wp-json\/wp\/v2\/media\/12767"}],"wp:attachment":[{"href":"https:\/\/www.sime.org.br\/sis\/wp-json\/wp\/v2\/media?parent=9533"}],"curies":[{"name":"wp","href":"https:\/\/api.w.org\/{rel}","templated":true}]}}