{"id":12582,"date":"2024-03-21T16:20:20","date_gmt":"2024-03-21T19:20:20","guid":{"rendered":"https:\/\/www.sime.org.br\/sis\/?page_id=12582"},"modified":"2024-03-21T16:28:14","modified_gmt":"2024-03-21T19:28:14","slug":"produtos-e-servicos-2","status":"publish","type":"page","link":"https:\/\/www.sime.org.br\/sis\/produtos-e-servicos-2\/","title":{"rendered":"Produtos e Servi\u00e7os"},"content":{"rendered":"<div class=\"wpb-content-wrapper\"><p>[vc_row][vc_column][vc_row_inner css=&#8221;.vc_custom_1474115780249{border-top-width: 1px !important;border-radius: 1px !important;}&#8221;][vc_column_inner width=&#8221;1\/2&#8243;]<div id=\"ultimate-heading-192769f6a98220a4e\" class=\"uvc-heading ult-adjust-bottom-margin ultimate-heading-192769f6a98220a4e uvc-1644 \" data-hspacer=\"no_spacer\"  data-halign=\"left\" style=\"text-align:left\"><div class=\"uvc-heading-spacer no_spacer\" style=\"top\"><\/div><div class=\"uvc-sub-heading ult-responsive\"  data-ultimate-target='.uvc-heading.ultimate-heading-192769f6a98220a4e .uvc-sub-heading '  data-responsive-json-new='{\"font-size\":\"\",\"line-height\":\"\"}'  style=\"font-weight:normal;\"><strong>PRODUTOS E SERVI\u00c7OS OFERECIDOS PARA ASSOCIADOS<\/strong><\/p>\n<p>Lembrando que as empresas devem estar com todas as contribui\u00e7\u00f5es em dia, como a mensalidade, sindical, confederativa e assistencial.<\/p>\n<p>&nbsp;<\/p>\n<ul>\n<li>Assessoria Jur\u00eddica I &#8211; C\u00edvel \/ Comercial \/ Tribut\u00e1ria.<\/li>\n<li>Assessoria Jur\u00eddica I \u2013 Trabalhista \/ Previdenci\u00e1ria.<\/li>\n<li>Clube de Vantagens ( Fecom\u00e9rcio).<\/li>\n<li>Desconto na taxa de homologa\u00e7\u00e3o ( FERIADOS, DOMINGOS E BANCO DE HORAS).<\/li>\n<li>Banco de Oportunidade .<\/li>\n<li>Palestras, Treinamento e Capacita\u00e7\u00e3o<br \/>\n( CONV\u00caNIO SENAC \u2013 BOLSA DE ESTUDO).<\/li>\n<li>Medicina ocupacional<br \/>\n( SESMT\/ ATESTADO DE SA\u00daDE\/ OCUPACIONAL \/ PCMSO \/ PPRA).<\/li>\n<li>Desconto em programas culturais, pousadas e hot\u00e9is ( CONV\u00caNIO SESC)<\/li>\n<li>Carteira do empres\u00e1rio<\/li>\n<li>Carta de Exclusividade<\/li>\n<li>Audit\u00f3rio para cursos, palestras e semin\u00e1rios.<\/li>\n<li>Benef\u00edcio Social Familiar<\/li>\n<li>Conv\u00eanio com universidade e outras entidades.<\/li>\n<li>Plano de sa\u00fade<\/li>\n<\/ul>\n<p><\/div><\/div>[vc_column_text css=&#8221;.vc_custom_1711048704000{margin-top: 0px !important;padding-top: 20px !important;padding-right: 30px !important;padding-bottom: 30px !important;padding-left: 30px !important;background-color: #eaeaea !important;}&#8221;]Estamos \u00e0 disposi\u00e7\u00e3o de todos para esclarecimentos e suporte para qualquer acordo com o sindicato profissional, que se fizer necess\u00e1rio.<\/p>\n<p><a href=\"mailto:simerj@sime.org.br\">simerj@sime.org.br<\/a><\/p>\n<p>(21) 2532-6619 \/ (21) 2532-9309<\/p>\n<p>(21) 98596-3620\/ (21) 98578-4817 (Vilma Campos)[\/vc_column_text][\/vc_column_inner][vc_column_inner width=&#8221;1\/2&#8243;][vc_single_image image=&#8221;12575&#8243; img_size=&#8221;large&#8221;][\/vc_column_inner][\/vc_row_inner][\/vc_column][\/vc_row][vc_row][vc_column][vc_column_text]<br \/>\n[\/vc_column_text][\/vc_column][\/vc_row]<\/p>\n<\/div>","protected":false},"excerpt":{"rendered":"<p>[vc_row][vc_column][vc_row_inner css=&#8221;.vc_custom_1474115780249{border-top-width: 1px !important;border-radius: 1px !important;}&#8221;][vc_column_inner width=&#8221;1\/2&#8243;][vc_column_text css=&#8221;.vc_custom_1711048704000{margin-top: 0px !important;padding-top: 20px !important;padding-right: 30px !important;padding-bottom: 30px !important;padding-left: 30px !important;background-color: #eaeaea !important;}&#8221;]Estamos \u00e0 disposi\u00e7\u00e3o de todos para esclarecimentos e suporte para qualquer acordo com o sindicato profissional, que se fizer necess\u00e1rio. simerj@sime.org.br (21) 2532-6619 \/ (21) 2532-9309 (21) 98596-3620\/ (21) 98578-4817 (Vilma Campos)[\/vc_column_text][\/vc_column_inner][vc_column_inner width=&#8221;1\/2&#8243;][vc_single_image image=&#8221;12575&#8243; img_size=&#8221;large&#8221;][\/vc_column_inner][\/vc_row_inner][\/vc_column][\/vc_row][vc_row][vc_column][vc_column_text] [\/vc_column_text][\/vc_column][\/vc_row]<\/p>\n","protected":false},"author":1,"featured_media":0,"parent":0,"menu_order":0,"comment_status":"closed","ping_status":"closed","template":"","meta":{"footnotes":""},"class_list":["post-12582","page","type-page","status-publish","hentry"],"_links":{"self":[{"href":"https:\/\/www.sime.org.br\/sis\/wp-json\/wp\/v2\/pages\/12582","targetHints":{"allow":["GET"]}}],"collection":[{"href":"https:\/\/www.sime.org.br\/sis\/wp-json\/wp\/v2\/pages"}],"about":[{"href":"https:\/\/www.sime.org.br\/sis\/wp-json\/wp\/v2\/types\/page"}],"author":[{"embeddable":true,"href":"https:\/\/www.sime.org.br\/sis\/wp-json\/wp\/v2\/users\/1"}],"replies":[{"embeddable":true,"href":"https:\/\/www.sime.org.br\/sis\/wp-json\/wp\/v2\/comments?post=12582"}],"version-history":[{"count":7,"href":"https:\/\/www.sime.org.br\/sis\/wp-json\/wp\/v2\/pages\/12582\/revisions"}],"predecessor-version":[{"id":12590,"href":"https:\/\/www.sime.org.br\/sis\/wp-json\/wp\/v2\/pages\/12582\/revisions\/12590"}],"wp:attachment":[{"href":"https:\/\/www.sime.org.br\/sis\/wp-json\/wp\/v2\/media?parent=12582"}],"curies":[{"name":"wp","href":"https:\/\/api.w.org\/{rel}","templated":true}]}}